?
1
What is the millions digit of 1034653396?
4
What is the thousands digit of 21307346?
7
What is the ten thousands digit of 74567571?
6
What is the units digit of 8563313575?
5
What is the hundred thousands digit of 1399187755?
1
What is the hundred millions digit of 450645018?
4
What is the millions digit of 561291486?
1
What is the ten millions digit of 61291351?
6
What is the ten thousands digit of 3599548115?
4
What is the ten thousands digit of 34745745?
4
What is the hundreds digit of 1012974621?
6
What is the ten thousands digit of 3490109827?
0
What is the hundreds digit of 157110366?
3
What is the hundreds digit of 117516024?
0
What is the hundred thousands digit of 399157865?
1
What is the ten thousands digit of 349675387?
7
What is the ten thousands digit of 235788739?
8
What is the ten millions digit of 200327091?
0
What is the tens digit of 348260111?
1
What is the units digit of 83767827?
7
What is the millions digit of 407121253?
7
What is the ten millions digit of 19342513?
1
What is the units digit of 790881956?
6
What is the hundreds digit of 61850662?
6
What is the millions digit of 51248835?
1
What is the units digit of 198191821?
1
What is the units digit of 473376836?
6
What is the billions digit of 1179533338?
1
What is the hundred thousands digit of 130276604?
2
What is the units digit of 950032493?
3
What is the thousands digit of 6672910955?
0
What is the hundred thousands digit of 1040459422?
4
What is the thousands digit of 667018985?
8
What is the ten thousands digit of 4810361923?
6
What is the hundred thousands digit of 38948273?
9
What is the tens digit of 25124625?
2
What is the hundred millions digit of 422336443?
4
What is the tens digit of 5038259727?
2
What is the tens digit of 1698653647?
4
What is the hundreds digit of 4317681?
6
What is the hundred millions digit of 4890013989?
8
What is the tens digit of 343046992?
9
What is the hundred thousands digit of 95047430?
0
What is the tens digit of 3104992814?
1
What is the hundreds digit of 29820073?
0
What is the ten millions digit of 3750515802?
5
What is the ten millions digit of 23180542?
2
What is the hundred thousands digit of 1208069543?
0
What is the ten millions digit of 77531185?
7
What is the millions digit of 727394069?
7
What is the hundred thousands digit of 27101559?
1
What is the millions digit of 86498884?
6
What is the ten millions digit of 242848703?
4
What is the units digit of 448471832?
2
What is the thousands digit of 18253024?
3
What is the hundreds digit of 2495429494?
4
What is the billions digit of 1358789980?
1
What is the hundreds digit of 713983444?
4
What is the hundred millions digit of 1896526961?
8
What is the ten thousands digit of 46186325?
8
What is the units digit of 1217353055?
5
What is the thousands digit of 3774196705?
6
What is the units digit of 4301281640?
0
What is the thousands digit of 138311237?
1
What is the hundreds digit of 378801724?
7
What is the ten millions digit of 2421132194?
2
What is the ten millions digit of 1626931619?
2
What is the ten millions digit of 17445086?
1
What is the hundred thousands digit of 3587641?
5
What is the millions digit of 167565724?
7
What is the hundred thousands digit of 2511265632?
2
What is the hundred thousands digit of 43056701?
0
What is the tens digit of 76896993?
9
What is the hundreds digit of 8395395?
3
What is the tens digit of 614190735?
3
What is the ten millions digit of 204152065?
0
What is the billions digit of 6229785821?
6
What is the hundred thousands digit of 28339840?
3
What is the millions digit of 454275267?
4
What is the units digit of 14261070?
0
What is the hundred thousands digit of 2165615282?
6
What is the ten thousands digit of 211774278?
7
What is the units digit of 1215999070?
0
What is the millions digit of 1500908601?
0
What is the thousands digit of 2343386522?
6
What is the tens digit of 5344684811?
1
What is the billions digit of 1930267025?
1
What is the tens digit of 149632662?
6
What is the hundred thousands digit of 72692055?
6
What is the billions digit of 3980385984?
3
What is the tens digit of 152974506?
0
What is the ten millions digit of 52003875?
5
What is the hundred thousands digit of 110114806?
1
What is the hundred thousands digit of 387531482?
5
What is the tens digit of 180426507?
0
What is the tens digit of 22681925?
2
What is the hundred millions digit of 469002975?
4
What is the tens digit of 5746374967?
6
What is the ten millions digit of 749293653?
4
What is the ten thousands digit of 123089970?
8
What is the thousands digit of 57095362?
5
What is the hundred millions digit of 209593067?
2
What is the ten millions digit of 176967404?
7
What is the hundred thousands digit of 25515886?
5
What is the hundred thousands digit of 395662768?
6
What is the thousands digit of 13388061?
8
What is the hundred thousands digit of 22652221?
6
What is the thousands digit of 59927387?
7
What is the units digit of 8108463093?
3
What is the millions digit of 950699224?
0
What is the hundreds digit of 54185741?
7
What is the tens digit of 143360836?
3
What is the ten millions digit of 343205695?
4
What is the ten thousands digit of 1388438?
8
What is the units digit of 81348433?
3
What is the hundred thousands digit of 72624992?
6
What is the hundreds digit of 196064050?
0
What is the millions digit of 79954683?
9
What is the hundreds digit of 694625848?
8
What is the tens digit of 1326310014?
1
What is the millions digit of 319851908?
9
What is the millions digit of 1603804601?
3
What is the hundred millions digit of 7054641168?
0
What is the units digit of 1741647657?
7
What is the hundred millions digit of 249550442?
2
What is the tens digit of 13795337?
3
What is the thousands digit of 1812032414?
2
What is the hundreds digit of 208715198?
1
What is the thousands digit of 369167949?
7
What is the units digit of 5758203?
3
What is the millions digit of 344736633?
4
What is the hundreds digit of 63346630?
6
What is the thousands digit of 244964279?
4
What is the billions digit of 1533446560?
1
What is the hundreds digit of 236848439?
4
What is the billions digit of 2749467213?
2
What is the units digit of 3835628972?
2
What is the thousands digit of 1326199050?
9
What is the billions digit of 2050886082?
2
What is the millions digit of 855350726?
5
What is the ten thousands digit of 11968083?
6
What is the tens digit of 209116894?
9
What is the thousands digit of 9169475?
9
What is the ten millions digit of 5746201579?
4
What is the tens digit of 104494629?
2
What is the hundreds digit of 138204399?
3
What is the hundred thousands digit of 150965626?
9
What is the millions digit of 49529681?
9
What is the hundred millions digit of 879228836?
8
What is the hundreds digit of 229421431?
4
What is the tens digit of 35022666?
6
What is the ten thousands digit of 281454438?
5
What is the hundreds digit of 1574430930?
9
What is the tens digit of 1664251279?
7
What is the ten millions digit of 249123721?
4
What is the tens digit of 10512301?
0
What is the thousands digit of 105989233?
9
What is the units digit of 39256159?
9
What is the ten millions digit of 24836360?
2
What is the tens digit of 12580838?
3
What is the hundred millions digit of 261256480?
2
What is the units digit of 15513762?
2
What is the hundred millions digit of 635522548?
6
What is the thousands digit of 1357028682?
8
What is the thousands digit of 1405487528?
7
What is the units digit of 36355797?
7
What is the hundreds digit of 41902843?
8
What is the ten thousands digit of 2714171033?
7
What is the thousands digit of 2547432592?
2
What is the hundreds digit of 27578927?
9
What is the hundred millions digit of 225216686?
2
What is the ten millions digit of 3130404676?
3
What is the tens digit of 42550414?
1
What is the thousands digit of 1717810198?
0
What is the millions digit of 3367979?
3
What is the units digit of 1112529186?
6
What is the thousands digit of 63689078?
9
What is the ten millions digit of 241365476?
4
What is the hundred millions digit of 637144811?
6
What is the units digit of 704126714?
4
What is the hundreds digit of 28611131?
1
What is the hundred thousands digit of 410773216?
7
What is the thousands digit of 796856822?
6
What is the thou